{"id":143,"date":"2020-07-23T18:09:00","date_gmt":"2020-07-23T18:09:00","guid":{"rendered":"https:\/\/cevambrasil.com.br\/site\/?page_id=143"},"modified":"2020-11-12T11:24:20","modified_gmt":"2020-11-12T11:24:20","slug":"quem-somos","status":"publish","type":"page","link":"https:\/\/cevambrasil.com.br\/site\/quem-somos\/","title":{"rendered":"Quem somos?"},"content":{"rendered":"\n<div class=\"wp-block-image\"><figure class=\"aligncenter size-thumbnail\"><img loading=\"lazy\" decoding=\"async\" width=\"150\" height=\"150\" src=\"https:\/\/cevambrasil.com.br\/site\/wp-content\/uploads\/2020\/11\/preto-tag-redonda--150x150.png\" alt=\"\" class=\"wp-image-427\" srcset=\"https:\/\/cevambrasil.com.br\/site\/wp-content\/uploads\/2020\/11\/preto-tag-redonda--150x150.png 150w, https:\/\/cevambrasil.com.br\/site\/wp-content\/uploads\/2020\/11\/preto-tag-redonda--300x300.png 300w, https:\/\/cevambrasil.com.br\/site\/wp-content\/uploads\/2020\/11\/preto-tag-redonda--1024x1024.png 1024w, https:\/\/cevambrasil.com.br\/site\/wp-content\/uploads\/2020\/11\/preto-tag-redonda--768x768.png 768w, https:\/\/cevambrasil.com.br\/site\/wp-content\/uploads\/2020\/11\/preto-tag-redonda--830x830.png 830w, https:\/\/cevambrasil.com.br\/site\/wp-content\/uploads\/2020\/11\/preto-tag-redonda--230x230.png 230w, https:\/\/cevambrasil.com.br\/site\/wp-content\/uploads\/2020\/11\/preto-tag-redonda-.png 1500w\" sizes=\"auto, (max-width: 150px) 100vw, 150px\" \/><\/figure><\/div>\n\n\n\n<p style=\"color:#0d0d0e\" class=\"has-text-color has-text-align-center\"><br><em>\u201cPaci\u00eancia, amizade, tempo de crescer, cuidado\u2026\u201d.<\/em><br><em>\u00c9 o que nossas crian\u00e7as precisam e esperam de n\u00f3s!<\/em><br><br><\/p>\n\n\n\n<p style=\"color:#0d0d0e\" class=\"has-text-color\">O Centro de Voluntariado de Apoio ao Menor (<em>CEVAM<\/em>) \u00e9 uma entidade sem fins lucrativos idealizada e concretizada por um grupo de volunt\u00e1rios, que constataram dificuldades na viabiliza\u00e7\u00e3o e execu\u00e7\u00e3o de programas \u00e0s crian\u00e7as e aos adolescentes acolhidos institucionalmente. Fundada em Belo Horizonte, em 1982, mas oficializada em cart\u00f3rio apenas em 1986, o&nbsp;<em>CEVAM<\/em>&nbsp;tem como&nbsp;<em>miss\u00e3o&nbsp;<\/em>a promo\u00e7\u00e3o e a defesa do direitos das crian\u00e7as e dos adolescentes acolhidos.<br><br>O&nbsp;<em>CEVAM<\/em>&nbsp;atua por meio de seus prestadores de servi\u00e7os volunt\u00e1rios (Lei n.\u00ba 9.608\/1998), e, conta com uma equipe t\u00e9cnica formada por profissionais com ampla experi\u00eancia na tem\u00e1tica de acolhimento institucional e ado\u00e7\u00e3o: psic\u00f3logos, advogados, assistentes sociais e educadores. A entidade, ainda, \u00e9 membro do Conselho Municipal dos Direitos da Crian\u00e7a e do Adolescente (CMDCA\/BH) e do Conselho Estadual dos Direitos da Crian\u00e7a e do Adolescente (CEDCA).<br><br>A duas m\u00e3os \u2013&nbsp;<em>CEVAM<\/em>&nbsp;e Tribunal de Justi\u00e7a do Estado de Minas Gerais (TJ\/MG)\/Vara da Inf\u00e2ncia e da Juventude BH (C\u00edvel) \u2013&nbsp; foi elaborado e implementado o<em>&nbsp;<strong>Programa Com Viver<\/strong><\/em>, o qual vem se desenvolvendo ininterruptamente ao longo dos \u00faltimos 20 (vinte) anos, consolidado pelo Art. 6\u00ba da Portaria 09\/2003, e, atualmente, pelo disposto na Resolu\u00e7\u00e3o n\u00ba 132\/2016 do CMDCA\/BH.<br><br>De 2004 a 2019, o Programa realizou o total de 5.810 Apadrinhamentos Afetivos, sendo que 16.683 grupos familiares foram contemplados pelo Programa. Atualmente, o&nbsp;<em>CEVAM<\/em>&nbsp;atende cerca de 107 crian\u00e7as\/adolescentes na modalidade de apadrinhamento permanente e 102 na modalidade de apadrinhamento de natal (dados de Dezembro de 2019).<\/p>\n","protected":false},"excerpt":{"rendered":"<p>\u201cPaci\u00eancia, amizade, tempo de crescer, cuidado\u2026\u201d.\u00c9 o que nossas crian\u00e7as precisam e esperam de n\u00f3s! O Centro de Voluntariado de Apoio ao Menor (CEVAM) \u00e9 uma entidade sem fins lucrativos idealizada e concretizada por um grupo de volunt\u00e1rios, que constataram dificuldades na viabiliza\u00e7\u00e3o e execu\u00e7\u00e3o de programas \u00e0s crian\u00e7as e aos adolescentes acolhidos institucionalmente. Fundada &#8230;.&nbsp;&nbsp;<a class=\" special\" href=\"https:\/\/cevambrasil.com.br\/site\/quem-somos\/\">Continuar Lendo<\/a><\/p>\n","protected":false},"author":1,"featured_media":0,"parent":0,"menu_order":0,"comment_status":"closed","ping_status":"closed","template":"","meta":{"ngg_post_thumbnail":0,"pagelayer_contact_templates":[],"_pagelayer_content":"","footnotes":""},"class_list":["post-143","page","type-page","status-publish","hentry"],"_links":{"self":[{"href":"https:\/\/cevambrasil.com.br\/site\/wp-json\/wp\/v2\/pages\/143","targetHints":{"allow":["GET"]}}],"collection":[{"href":"https:\/\/cevambrasil.com.br\/site\/wp-json\/wp\/v2\/pages"}],"about":[{"href":"https:\/\/cevambrasil.com.br\/site\/wp-json\/wp\/v2\/types\/page"}],"author":[{"embeddable":true,"href":"https:\/\/cevambrasil.com.br\/site\/wp-json\/wp\/v2\/users\/1"}],"replies":[{"embeddable":true,"href":"https:\/\/cevambrasil.com.br\/site\/wp-json\/wp\/v2\/comments?post=143"}],"version-history":[{"count":8,"href":"https:\/\/cevambrasil.com.br\/site\/wp-json\/wp\/v2\/pages\/143\/revisions"}],"predecessor-version":[{"id":432,"href":"https:\/\/cevambrasil.com.br\/site\/wp-json\/wp\/v2\/pages\/143\/revisions\/432"}],"wp:attachment":[{"href":"https:\/\/cevambrasil.com.br\/site\/wp-json\/wp\/v2\/media?parent=143"}],"curies":[{"name":"wp","href":"https:\/\/api.w.org\/{rel}","templated":true}]}}

<div class="wp-block-image"><figure class="aligncenter size-thumbnail"><img loading="lazy" decoding="async" width="150" height="150" src="https://cevambrasil.com.br/site/wp-content/uploads/2020/11/preto-tag-redonda--150x150.png" alt="" class="wp-image-427" srcset="https://cevambrasil.com.br/site/wp-content/uploads/2020/11/preto-tag-redonda--150x150.png 150w, https://cevambrasil.com.br/site/wp-content/uploads/2020/11/preto-tag-redonda--300x300.png 300w, https://cevambrasil.com.br/site/wp-content/uploads/2020/11/preto-tag-redonda--1024x1024.png 1024w, https://cevambrasil.com.br/site/wp-content/uploads/2020/11/preto-tag-redonda--768x768.png 768w, https://cevambrasil.com.br/site/wp-content/uploads/2020/11/preto-tag-redonda--830x830.png 830w, https://cevambrasil.com.br/site/wp-content/uploads/2020/11/preto-tag-redonda--230x230.png 230w, https://cevambrasil.com.br/site/wp-content/uploads/2020/11/preto-tag-redonda-.png 1500w" sizes="auto, (max-width: 150px) 100vw, 150px" /></figure></div>



<p style="color:#0d0d0e" class="has-text-color has-text-align-center"><br><em>“Paciência, amizade, tempo de crescer, cuidado…”.</em><br><em>É o que nossas crianças precisam e esperam de nós!</em><br><br></p>



<p style="color:#0d0d0e" class="has-text-color">O Centro de Voluntariado de Apoio ao Menor (<em>CEVAM</em>) é uma entidade sem fins lucrativos idealizada e concretizada por um grupo de voluntários, que constataram dificuldades na viabilização e execução de programas às crianças e aos adolescentes acolhidos institucionalmente. Fundada em Belo Horizonte, em 1982, mas oficializada em cartório apenas em 1986, o&nbsp;<em>CEVAM</em>&nbsp;tem como&nbsp;<em>missão&nbsp;</em>a promoção e a defesa do direitos das crianças e dos adolescentes acolhidos.<br><br>O&nbsp;<em>CEVAM</em>&nbsp;atua por meio de seus prestadores de serviços voluntários (Lei n.º 9.608/1998), e, conta com uma equipe técnica formada por profissionais com ampla experiência na temática de acolhimento institucional e adoção: psicólogos, advogados, assistentes sociais e educadores. A entidade, ainda, é membro do Conselho Municipal dos Direitos da Criança e do Adolescente (CMDCA/BH) e do Conselho Estadual dos Direitos da Criança e do Adolescente (CEDCA).<br><br>A duas mãos –&nbsp;<em>CEVAM</em>&nbsp;e Tribunal de Justiça do Estado de Minas Gerais (TJ/MG)/Vara da Infância e da Juventude BH (Cível) –&nbsp; foi elaborado e implementado o<em>&nbsp;<strong>Programa Com Viver</strong></em>, o qual vem se desenvolvendo ininterruptamente ao longo dos últimos 20 (vinte) anos, consolidado pelo Art. 6º da Portaria 09/2003, e, atualmente, pelo disposto na Resolução nº 132/2016 do CMDCA/BH.<br><br>De 2004 a 2019, o Programa realizou o total de 5.810 Apadrinhamentos Afetivos, sendo que 16.683 grupos familiares foram contemplados pelo Programa. Atualmente, o&nbsp;<em>CEVAM</em>&nbsp;atende cerca de 107 crianças/adolescentes na modalidade de apadrinhamento permanente e 102 na modalidade de apadrinhamento de natal (dados de Dezembro de 2019).</p>

<p>“Paciência, amizade, tempo de crescer, cuidado…”.É o que nossas crianças precisam e esperam de nós! O Centro de Voluntariado de Apoio ao Menor (CEVAM) é uma entidade sem fins lucrativos idealizada e concretizada por um grupo de voluntários, que constataram dificuldades na viabilização e execução de programas às crianças e aos adolescentes acolhidos institucionalmente. Fundada &#8230;.&nbsp;&nbsp;<a class=" special" href="https://cevambrasil.com.br/site/quem-somos/">Continuar Lendo</a></p>
