{"id":156,"date":"2020-07-23T18:13:32","date_gmt":"2020-07-23T18:13:32","guid":{"rendered":"https:\/\/cevambrasil.com.br\/site\/?page_id=156"},"modified":"2022-08-15T13:08:08","modified_gmt":"2022-08-15T13:08:08","slug":"programa-com-viver","status":"publish","type":"page","link":"https:\/\/cevambrasil.com.br\/site\/programa-com-viver\/","title":{"rendered":"Programa Com Viver"},"content":{"rendered":"\n<p style=\"color:#0d0d0e\" class=\"has-text-color has-text-align-center\"><em>&#8220;Apadrinhamento Afetivo: presente sem pre\u00e7o,<\/em> <em>mas de grande valor.&#8221;<br><\/em><br><\/p>\n\n\n\n<div class=\"wp-block-image\"><figure class=\"aligncenter size-medium\"><img loading=\"lazy\" decoding=\"async\" width=\"300\" height=\"172\" src=\"https:\/\/cevambrasil.com.br\/site\/wp-content\/uploads\/2020\/08\/image-300x172.png\" alt=\"\" class=\"wp-image-310\" srcset=\"https:\/\/cevambrasil.com.br\/site\/wp-content\/uploads\/2020\/08\/image-300x172.png 300w, https:\/\/cevambrasil.com.br\/site\/wp-content\/uploads\/2020\/08\/image-768x440.png 768w, https:\/\/cevambrasil.com.br\/site\/wp-content\/uploads\/2020\/08\/image-830x475.png 830w, https:\/\/cevambrasil.com.br\/site\/wp-content\/uploads\/2020\/08\/image-230x132.png 230w, https:\/\/cevambrasil.com.br\/site\/wp-content\/uploads\/2020\/08\/image.png 842w\" sizes=\"auto, (max-width: 300px) 100vw, 300px\" \/><\/figure><\/div>\n\n\n\n<p><\/p>\n\n\n\n<p style=\"color:#0d0d0e\" class=\"has-text-color has-text-align-center has-medium-font-size\"><strong>Programa Com Viver<\/strong><br><\/p>\n\n\n\n<p style=\"color:#0d0d0e\" class=\"has-text-color\">Se por um lado, a institucionaliza\u00e7\u00e3o, protege as crian\u00e7as e os adolescentes contra agress\u00f5es ou situa\u00e7\u00f5es de viola\u00e7\u00e3o de direito mais acentuadas, por outro, ela pode colaborar para o enfraquecimento do v\u00ednculo entre o acolhido e sua fam\u00edlia de origem, devido ao distanciamento que se imp\u00f5e pelo pr\u00f3prio ato do acolhimento. Diante dessa realidade e fazendo valer os direitos das crian\u00e7as e dos adolescentes garantidos e assegurados pelo ECA foi implementado junto \u00e0s unidades acolhedoras o <em>Programa de Apadrinhamento Afetivo.&nbsp;<\/em><br><br>Em Belo Horizonte e regi\u00e3o metropolitana ele \u00e9 feito atrav\u00e9s do <strong>Programa Com Viver, <\/strong>realizado pelo <em>CEVAM<\/em>, que <em>visa<\/em> possibilitar as crian\u00e7as\/adolescentes acolhidos institucionalmente, e que n\u00e3o estejam em processo de coloca\u00e7\u00e3o em fam\u00edlia substituta ou ado\u00e7\u00e3o, ou ainda, recebendo visitas regulares de seus pais e familiares, o acolhimento, a conviv\u00eancia familiar e comunit\u00e1ria, para que possam conviver no seio de uma fam\u00edlia (Art. 226 \u00a72\u00ba, \u00a73\u00ba e \u00a78\u00ba &#8211; Constitui\u00e7\u00e3o Federal\/88), bem como, vivenciar experi\u00eancias para al\u00e9m dos muros institucionais. Possibilitando, assim, a promo\u00e7\u00e3o e o fortalecimento do processo de desenvolvimento ps\u00edquico, social e pessoal dos infantojuvenis.&nbsp;<br><br>O <strong>Programa <\/strong><em>busca<\/em> garantir o exerc\u00edcio do direito fundamental \u00e0 conviv\u00eancia familiar e comunit\u00e1ria \u00e0s crian\u00e7as e aos adolescentes acolhidos:&nbsp;<\/p>\n\n\n\n<ul class=\"wp-block-list\"><li><span style=\"color:#0d0d0e\" class=\"has-inline-color\">contribuindo para o seu pleno desenvolvimento nas unidades de acolhimento institucional;&nbsp;<\/span><\/li><li><span style=\"color:#0d0d0e\" class=\"has-inline-color\">estimulando a constru\u00e7\u00e3o e a manuten\u00e7\u00e3o de v\u00ednculos afetivos individualizados e duradouros entre as crian\u00e7as, os adolescentes e as madrinhas e os padrinhos;&nbsp;<\/span><\/li><li><span style=\"color:#0d0d0e\" class=\"has-inline-color\">ampliando a rede de apoio afetivo, social e comunit\u00e1rio, para al\u00e9m dos muros institucionais e,&nbsp;<\/span><\/li><li><span style=\"color:#0d0d0e\" class=\"has-inline-color\">proporcionando conviv\u00eancia comunit\u00e1ria e familiar, como forma de fortalecer o processo de desenvolvimento social e pessoal.<\/span><\/li><\/ul>\n\n\n\n<p style=\"color:#0d0d0e\" class=\"has-text-color has-text-align-center\"><\/p>\n\n\n\n<p style=\"color:#0d0d0e\" class=\"has-text-color has-text-align-center\"><strong><em>Sobre o Programa Com Viver<\/em><\/strong><\/p>\n\n\n\n<p style=\"color:#0d0d0e\" class=\"has-text-color has-text-align-center\"><em>O que \u00e9?<\/em><\/p>\n\n\n\n<p style=\"color:#0d0d0e\" class=\"has-text-color\">\u00c9 um Programa de Apadrinhamento Afetivo que contribui para o desenvolvimento da crian\u00e7a e do adolescente acolhido, por meio da educa\u00e7\u00e3o e ensino, do amor e da imposi\u00e7\u00e3o de limites. Onde \u201co essencial n\u00e3o \u00e9 falar de amor, mas amar. Compartilhar o amor, com tantos meninos que vivem sem amor. Por isso, abramos nossos bra\u00e7os e, os nossos lares, para esses adolescentes.\u201d (FERREIRA, Ananias)<\/p>\n\n\n\n<p style=\"color:#0d0d0e\" class=\"has-text-color has-text-align-center\"><em>P\u00fablico Alvo<\/em><\/p>\n\n\n\n<p style=\"color:#0d0d0e\" class=\"has-text-color\">Crian\u00e7as e adolescentes acolhidos &#8211; de 04 (quatro) a 18 (dezoito) anos incompletos -, suas respectivas madrinhas e padrinhos e institui\u00e7\u00f5es parceiras.<\/p>\n\n\n\n<p style=\"color:#0d0d0e\" class=\"has-text-color has-text-align-center\"><em>Quem pode participar?<\/em><\/p>\n\n\n\n<p style=\"color:#0d0d0e\" class=\"has-text-color\">S\u00f3 podem ser madrinhas e padrinhos as pessoas maiores de 18 (dezoito) anos de idade, independente de estado civil. Devendo, ainda, ser no m\u00ednimo 10 (dez) anos mais velha(o) que a(o) afilhada(o).<\/p>\n\n\n\n<p style=\"color:#0d0d0e\" class=\"has-text-color has-text-align-center\"><em>Como participar?<\/em><\/p>\n\n\n\n<p class=\"has-text-color has-vivid-cyan-blue-color\"><span style=\"color:#0d0d0e\" class=\"has-inline-color\">A(o) interessada(o) deve comparecer ao <em>CEVAM<\/em>, localizado \u00e0 Rua dos Goitacazes, n\u00ba 71 &#8211; sala 1407 para fazer o cadastro, tendo toda a documenta\u00e7\u00e3o necess\u00e1ria em m\u00e3os e uma avalia\u00e7\u00e3o psicol\u00f3gica, para habilita\u00e7\u00e3o e credenciamento no Programa. Ver documenta\u00e7\u00e3o necess\u00e1ria na aba aba<\/span><em><a rel=\"noreferrer noopener\" href=\"https:\/\/cevambrasil.com.br\/site\/como-apadrinhar\/\" target=\"_blank\"> <\/a><\/em><em><a rel=\"noreferrer noopener\" href=\"https:\/\/cevambrasil.com.br\/site\/como-apadrinhar\/\" target=\"_blank\">Como apadrinhar?<\/a><\/em><\/p>\n\n\n\n<div class=\"wp-block-file\"><a href=\"https:\/\/cevambrasil.com.br\/site\/wp-content\/uploads\/2022\/08\/Cartilha-Cevam.pdf\">Cartilha Cevam<\/a><a href=\"https:\/\/cevambrasil.com.br\/site\/wp-content\/uploads\/2022\/08\/Cartilha-Cevam.pdf\" class=\"wp-block-file__button\" download>Baixar<\/a><\/div>\n\n\n\n<p><\/p>\n","protected":false},"excerpt":{"rendered":"<p>&#8220;Apadrinhamento Afetivo: presente sem pre\u00e7o, mas de grande valor.&#8221; Programa Com Viver Se por um lado, a institucionaliza\u00e7\u00e3o, protege as crian\u00e7as e os adolescentes contra agress\u00f5es ou situa\u00e7\u00f5es de viola\u00e7\u00e3o de direito mais acentuadas, por outro, ela pode colaborar para o enfraquecimento do v\u00ednculo entre o acolhido e sua fam\u00edlia de origem, devido ao distanciamento &#8230;.&nbsp;&nbsp;<a class=\" special\" href=\"https:\/\/cevambrasil.com.br\/site\/programa-com-viver\/\">Continuar Lendo<\/a><\/p>\n","protected":false},"author":1,"featured_media":0,"parent":0,"menu_order":0,"comment_status":"closed","ping_status":"closed","template":"","meta":{"ngg_post_thumbnail":0,"pagelayer_contact_templates":[],"_pagelayer_content":"","footnotes":""},"class_list":["post-156","page","type-page","status-publish","hentry"],"_links":{"self":[{"href":"https:\/\/cevambrasil.com.br\/site\/wp-json\/wp\/v2\/pages\/156","targetHints":{"allow":["GET"]}}],"collection":[{"href":"https:\/\/cevambrasil.com.br\/site\/wp-json\/wp\/v2\/pages"}],"about":[{"href":"https:\/\/cevambrasil.com.br\/site\/wp-json\/wp\/v2\/types\/page"}],"author":[{"embeddable":true,"href":"https:\/\/cevambrasil.com.br\/site\/wp-json\/wp\/v2\/users\/1"}],"replies":[{"embeddable":true,"href":"https:\/\/cevambrasil.com.br\/site\/wp-json\/wp\/v2\/comments?post=156"}],"version-history":[{"count":17,"href":"https:\/\/cevambrasil.com.br\/site\/wp-json\/wp\/v2\/pages\/156\/revisions"}],"predecessor-version":[{"id":457,"href":"https:\/\/cevambrasil.com.br\/site\/wp-json\/wp\/v2\/pages\/156\/revisions\/457"}],"wp:attachment":[{"href":"https:\/\/cevambrasil.com.br\/site\/wp-json\/wp\/v2\/media?parent=156"}],"curies":[{"name":"wp","href":"https:\/\/api.w.org\/{rel}","templated":true}]}}