{"id":161,"date":"2020-07-23T18:15:05","date_gmt":"2020-07-23T18:15:05","guid":{"rendered":"https:\/\/cevambrasil.com.br\/site\/?page_id=161"},"modified":"2020-08-19T17:39:08","modified_gmt":"2020-08-19T17:39:08","slug":"programa-apoio-legal","status":"publish","type":"page","link":"https:\/\/cevambrasil.com.br\/site\/programa-apoio-legal\/","title":{"rendered":"Programa Apoio Legal"},"content":{"rendered":"\n<p style=\"color:#0d0d0e\" class=\"has-text-color has-text-align-center has-medium-font-size\"><strong>Programa Apoio Legal<\/strong><br><\/p>\n\n\n\n<p style=\"color:#0d0d0e\" class=\"has-text-color\">A partir da experi\u00eancia de trabalho e da constata\u00e7\u00e3o da necessidade de ampliar os mecanismos jur\u00eddicos para a garantia da conviv\u00eancia familiar e comunit\u00e1ria, o <em>CEVAM<\/em> prop\u00f5e e inicia, em junho de 2000, um projeto, posteriormente transformado em Programa, para apoio \u00e0s organiza\u00e7\u00f5es que atuavam na execu\u00e7\u00e3o da medida protetiva de acolhimento institucional, na \u00e9poca, medida de abrigo, o <strong><em>Programa Apoio Legal<\/em><\/strong>.<br><br>A proposta do Programa \u00e9 suprir a necessidade de interven\u00e7\u00e3o visando acelerar e acompanhar os processos das crian\u00e7as e dos adolescentes que se encontram em casas lares, abrigos, e institui\u00e7\u00f5es de moradia provis\u00f3ria, minimizando os danos oriundos do longo processo de institucionaliza\u00e7\u00e3o e garantindo o previsto nos artigos 9\u00ba e 10\u00ba da Conven\u00e7\u00e3o dos Direitos da Crian\u00e7a (CDC\/1989), a qual disp\u00f5e sobre a excepcionalidade do afastamento da crian\u00e7a de seus familiares e, caso aconte\u00e7a, a obrigatoriedade dos Estados Parte em prover a reinser\u00e7\u00e3o ou coloca\u00e7\u00e3o em fam\u00edlias, visto ser o ambiente prim\u00e1rio e essencial para a prote\u00e7\u00e3o, promo\u00e7\u00e3o, socializa\u00e7\u00e3o e desenvolvimento saud\u00e1vel do ser humano.<br><br>Na proposta de atua\u00e7\u00e3o do <strong>Programa <em>Apoio Legal<\/em><\/strong>, constam o desenvolvimento de atividades como: <br><\/p>\n\n\n\n<ul class=\"wp-block-list\"><li><span style=\"color:#0d0d0e\" class=\"has-inline-color\">Orienta\u00e7\u00e3o jur\u00eddica e apoio \u00e0s unidades de acolhimento institucional\u00a0&#8211; UAIs;\u00a0<\/span><\/li><li><span style=\"color:#0d0d0e\" class=\"has-inline-color\">Acompanhamento jur\u00eddico de processos judiciais de crian\u00e7as e adolescentes acolhidos;\u00a0<\/span><\/li><li><span style=\"color:#0d0d0e\" class=\"has-inline-color\">Ado\u00e7\u00e3o de procedimentos jur\u00eddicos que colaborem para a reinser\u00e7\u00e3o familiar e\/ou coloca\u00e7\u00e3o em fam\u00edlia substituta, com o desligamento das unidades de acolhimento institucional;\u00a0<\/span><\/li><li><span style=\"color:#0d0d0e\" class=\"has-inline-color\">Orienta\u00e7\u00e3o e apoio jur\u00eddico \u00e0 fam\u00edlias cujos filhos ou representados estejam em acolhimento institucional.<\/span><\/li><\/ul>\n\n\n\n<p style=\"color:#0d0d0e\" class=\"has-text-color\">A relev\u00e2ncia e o impacto do <strong>Programa <em>Apoio Legal<\/em><\/strong> podem ser constatados atrav\u00e9s de aproximadamente 200 (duzentas) crian\u00e7as e adolescentes que foram atendidas at\u00e9 o momento e tiveram encaminhadas o processo de conclus\u00e3o e\/ou defini\u00e7\u00e3o quanto a situa\u00e7\u00e3o da conviv\u00eancia em fam\u00edlia, seja atrav\u00e9s da reinser\u00e7\u00e3o familiar e\/ou na coloca\u00e7\u00e3o em fam\u00edlia substituta.<\/p>\n","protected":false},"excerpt":{"rendered":"<p>Programa Apoio Legal A partir da experi\u00eancia de trabalho e da constata\u00e7\u00e3o da necessidade de ampliar os mecanismos jur\u00eddicos para a garantia da conviv\u00eancia familiar e comunit\u00e1ria, o CEVAM prop\u00f5e e inicia, em junho de 2000, um projeto, posteriormente transformado em Programa, para apoio \u00e0s organiza\u00e7\u00f5es que atuavam na execu\u00e7\u00e3o da medida protetiva de acolhimento &#8230;.&nbsp;&nbsp;<a class=\" special\" href=\"https:\/\/cevambrasil.com.br\/site\/programa-apoio-legal\/\">Continuar Lendo<\/a><\/p>\n","protected":false},"author":1,"featured_media":0,"parent":0,"menu_order":0,"comment_status":"closed","ping_status":"closed","template":"","meta":{"ngg_post_thumbnail":0,"pagelayer_contact_templates":[],"_pagelayer_content":"","footnotes":""},"class_list":["post-161","page","type-page","status-publish","hentry"],"_links":{"self":[{"href":"https:\/\/cevambrasil.com.br\/site\/wp-json\/wp\/v2\/pages\/161","targetHints":{"allow":["GET"]}}],"collection":[{"href":"https:\/\/cevambrasil.com.br\/site\/wp-json\/wp\/v2\/pages"}],"about":[{"href":"https:\/\/cevambrasil.com.br\/site\/wp-json\/wp\/v2\/types\/page"}],"author":[{"embeddable":true,"href":"https:\/\/cevambrasil.com.br\/site\/wp-json\/wp\/v2\/users\/1"}],"replies":[{"embeddable":true,"href":"https:\/\/cevambrasil.com.br\/site\/wp-json\/wp\/v2\/comments?post=161"}],"version-history":[{"count":9,"href":"https:\/\/cevambrasil.com.br\/site\/wp-json\/wp\/v2\/pages\/161\/revisions"}],"predecessor-version":[{"id":421,"href":"https:\/\/cevambrasil.com.br\/site\/wp-json\/wp\/v2\/pages\/161\/revisions\/421"}],"wp:attachment":[{"href":"https:\/\/cevambrasil.com.br\/site\/wp-json\/wp\/v2\/media?parent=161"}],"curies":[{"name":"wp","href":"https:\/\/api.w.org\/{rel}","templated":true}]}}

<p style="color:#0d0d0e" class="has-text-color has-text-align-center has-medium-font-size"><strong>Programa Apoio Legal</strong><br></p>



<p style="color:#0d0d0e" class="has-text-color">A partir da experiência de trabalho e da constatação da necessidade de ampliar os mecanismos jurídicos para a garantia da convivência familiar e comunitária, o <em>CEVAM</em> propõe e inicia, em junho de 2000, um projeto, posteriormente transformado em Programa, para apoio às organizações que atuavam na execução da medida protetiva de acolhimento institucional, na época, medida de abrigo, o <strong><em>Programa Apoio Legal</em></strong>.<br><br>A proposta do Programa é suprir a necessidade de intervenção visando acelerar e acompanhar os processos das crianças e dos adolescentes que se encontram em casas lares, abrigos, e instituições de moradia provisória, minimizando os danos oriundos do longo processo de institucionalização e garantindo o previsto nos artigos 9º e 10º da Convenção dos Direitos da Criança (CDC/1989), a qual dispõe sobre a excepcionalidade do afastamento da criança de seus familiares e, caso aconteça, a obrigatoriedade dos Estados Parte em prover a reinserção ou colocação em famílias, visto ser o ambiente primário e essencial para a proteção, promoção, socialização e desenvolvimento saudável do ser humano.<br><br>Na proposta de atuação do <strong>Programa <em>Apoio Legal</em></strong>, constam o desenvolvimento de atividades como: <br></p>



<ul class="wp-block-list"><li><span style="color:#0d0d0e" class="has-inline-color">Orientação jurídica e apoio às unidades de acolhimento institucional &#8211; UAIs; </span></li><li><span style="color:#0d0d0e" class="has-inline-color">Acompanhamento jurídico de processos judiciais de crianças e adolescentes acolhidos; </span></li><li><span style="color:#0d0d0e" class="has-inline-color">Adoção de procedimentos jurídicos que colaborem para a reinserção familiar e/ou colocação em família substituta, com o desligamento das unidades de acolhimento institucional; </span></li><li><span style="color:#0d0d0e" class="has-inline-color">Orientação e apoio jurídico à famílias cujos filhos ou representados estejam em acolhimento institucional.</span></li></ul>



<p style="color:#0d0d0e" class="has-text-color">A relevância e o impacto do <strong>Programa <em>Apoio Legal</em></strong> podem ser constatados através de aproximadamente 200 (duzentas) crianças e adolescentes que foram atendidas até o momento e tiveram encaminhadas o processo de conclusão e/ou definição quanto a situação da convivência em família, seja através da reinserção familiar e/ou na colocação em família substituta.</p>

<p>Programa Apoio Legal A partir da experiência de trabalho e da constatação da necessidade de ampliar os mecanismos jurídicos para a garantia da convivência familiar e comunitária, o CEVAM propõe e inicia, em junho de 2000, um projeto, posteriormente transformado em Programa, para apoio às organizações que atuavam na execução da medida protetiva de acolhimento &#8230;.&nbsp;&nbsp;<a class=" special" href="https://cevambrasil.com.br/site/programa-apoio-legal/">Continuar Lendo</a></p>
