{"id":28,"date":"2020-07-08T19:36:39","date_gmt":"2020-07-08T19:36:39","guid":{"rendered":"https:\/\/cevambrasil.com.br\/site\/?page_id=28"},"modified":"2021-02-17T18:48:04","modified_gmt":"2021-02-17T18:48:04","slug":"parceiros","status":"publish","type":"page","link":"https:\/\/cevambrasil.com.br\/site\/parceiros\/","title":{"rendered":"Parceiros &#038; Apoiadores"},"content":{"rendered":"\n<h5 class=\"has-text-color has-text-align-center wp-block-heading\" style=\"color:#0d0d0e\"><strong>PARCEIROS<\/strong><\/h5>\n\n\n\n<h5 class=\"has-text-color has-text-align-center wp-block-heading\" style=\"color:#0d0d0e\"><br><strong><em>Unidades de Acolhimento<\/em><\/strong><\/h5>\n\n\n\n<p style=\"color:#0d0d0e\" class=\"has-text-color\">S\u00e3o as parceiras diretas do <em>Programa de Apadrinhamento Afetivo <\/em><strong>(Programa Com Viver)<\/strong>! S\u00e3o tamb\u00e9m as respons\u00e1veis e guardi\u00e3s legais pelas crian\u00e7as e adolescentes abrigadas, atrav\u00e9s da figura do Guardi\u00e3o. Acompanham rotineiramente as atividades das crian\u00e7as\/adolescentes, sabendo assim, de suas necessidades. Ser\u00e3o com elas, juntamente com a entidade executora do Programa (<em>CEVAM<\/em>), com quem as madrinhas e os padrinhos ir\u00e3o dialogar durante todo o processo de apadrinhamento!<br><br>\u00c9 responsabilidade, tanto da entidade executora do Programa (<em>CEVAM<\/em>) quanto da Organiza\u00e7\u00e3o da Sociedade Civil (OSC) executora do acolhimento institucional (Abrigo) acompanhar em conjunto a conviv\u00eancia afetiva, familiar e comunit\u00e1ria das crian\u00e7as e adolescentes apadrinhados junto a suas madrinhas e padrinhos, de forma a assegurar o benef\u00edcio para o infantojuvenil apadrinhado (Art. 19 Resolu\u00e7\u00e3o CMDCA\/BH n\u00ba 132\/2016). O acompanhanhamento por ambas as institui\u00e7\u00f5es visa garantir a seguran\u00e7a da crian\u00e7a e do adolescente e a manuten\u00e7\u00e3o da constru\u00e7\u00e3o de v\u00ednculo relacional e afetivo saud\u00e1vel.<br><br><\/p>\n\n\n\n<p style=\"color:#0d0d0e\" class=\"has-text-color has-text-align-center\"><strong>APOIADORES<\/strong><\/p>\n\n\n\n<p style=\"color:#0d0d0e\" class=\"has-text-color\">Centro Universit\u00e1rio Una<br>Faculdade Pit\u00e1goras<br>Funda\u00e7\u00e3o Abrinq<br>Federa\u00e7\u00e3o de Associa\u00e7\u00f5es sem Fins Econ\u00f4micos de Minas Gerais (FASEMIG)<br>Tribunal de Justi\u00e7a do Estado de Minas Gerais (TJ\/MG) \u2013 Coordenadoria da Inf\u00e2ncia e da Juventude (COINJ)<br>Tribunal de Justi\u00e7a do Estado de Minas Gerais (TJ\/MG) \u2013 Vara da Inf\u00e2ncia e da Juventude (C\u00edvel)<br>Volunt\u00e1rios<\/p>\n","protected":false},"excerpt":{"rendered":"<p>PARCEIROS Unidades de Acolhimento S\u00e3o as parceiras diretas do Programa de Apadrinhamento Afetivo (Programa Com Viver)! S\u00e3o tamb\u00e9m as respons\u00e1veis e guardi\u00e3s legais pelas crian\u00e7as e adolescentes abrigadas, atrav\u00e9s da figura do Guardi\u00e3o. Acompanham rotineiramente as atividades das crian\u00e7as\/adolescentes, sabendo assim, de suas necessidades. Ser\u00e3o com elas, juntamente com a entidade executora do Programa (CEVAM), &#8230;.&nbsp;&nbsp;<a class=\" special\" href=\"https:\/\/cevambrasil.com.br\/site\/parceiros\/\">Continuar Lendo<\/a><\/p>\n","protected":false},"author":1,"featured_media":0,"parent":0,"menu_order":0,"comment_status":"closed","ping_status":"closed","template":"","meta":{"ngg_post_thumbnail":0,"pagelayer_contact_templates":[],"_pagelayer_content":"","footnotes":""},"class_list":["post-28","page","type-page","status-publish","hentry"],"_links":{"self":[{"href":"https:\/\/cevambrasil.com.br\/site\/wp-json\/wp\/v2\/pages\/28","targetHints":{"allow":["GET"]}}],"collection":[{"href":"https:\/\/cevambrasil.com.br\/site\/wp-json\/wp\/v2\/pages"}],"about":[{"href":"https:\/\/cevambrasil.com.br\/site\/wp-json\/wp\/v2\/types\/page"}],"author":[{"embeddable":true,"href":"https:\/\/cevambrasil.com.br\/site\/wp-json\/wp\/v2\/users\/1"}],"replies":[{"embeddable":true,"href":"https:\/\/cevambrasil.com.br\/site\/wp-json\/wp\/v2\/comments?post=28"}],"version-history":[{"count":11,"href":"https:\/\/cevambrasil.com.br\/site\/wp-json\/wp\/v2\/pages\/28\/revisions"}],"predecessor-version":[{"id":439,"href":"https:\/\/cevambrasil.com.br\/site\/wp-json\/wp\/v2\/pages\/28\/revisions\/439"}],"wp:attachment":[{"href":"https:\/\/cevambrasil.com.br\/site\/wp-json\/wp\/v2\/media?parent=28"}],"curies":[{"name":"wp","href":"https:\/\/api.w.org\/{rel}","templated":true}]}}

<h5 class="has-text-color has-text-align-center wp-block-heading" style="color:#0d0d0e"><strong>PARCEIROS</strong></h5>



<h5 class="has-text-color has-text-align-center wp-block-heading" style="color:#0d0d0e"><br><strong><em>Unidades de Acolhimento</em></strong></h5>



<p style="color:#0d0d0e" class="has-text-color">São as parceiras diretas do <em>Programa de Apadrinhamento Afetivo </em><strong>(Programa Com Viver)</strong>! São também as responsáveis e guardiãs legais pelas crianças e adolescentes abrigadas, através da figura do Guardião. Acompanham rotineiramente as atividades das crianças/adolescentes, sabendo assim, de suas necessidades. Serão com elas, juntamente com a entidade executora do Programa (<em>CEVAM</em>), com quem as madrinhas e os padrinhos irão dialogar durante todo o processo de apadrinhamento!<br><br>É responsabilidade, tanto da entidade executora do Programa (<em>CEVAM</em>) quanto da Organização da Sociedade Civil (OSC) executora do acolhimento institucional (Abrigo) acompanhar em conjunto a convivência afetiva, familiar e comunitária das crianças e adolescentes apadrinhados junto a suas madrinhas e padrinhos, de forma a assegurar o benefício para o infantojuvenil apadrinhado (Art. 19 Resolução CMDCA/BH nº 132/2016). O acompanhanhamento por ambas as instituições visa garantir a segurança da criança e do adolescente e a manutenção da construção de vínculo relacional e afetivo saudável.<br><br></p>



<p style="color:#0d0d0e" class="has-text-color has-text-align-center"><strong>APOIADORES</strong></p>



<p style="color:#0d0d0e" class="has-text-color">Centro Universitário Una<br>Faculdade Pitágoras<br>Fundação Abrinq<br>Federação de Associações sem Fins Econômicos de Minas Gerais (FASEMIG)<br>Tribunal de Justiça do Estado de Minas Gerais (TJ/MG) – Coordenadoria da Infância e da Juventude (COINJ)<br>Tribunal de Justiça do Estado de Minas Gerais (TJ/MG) – Vara da Infância e da Juventude (Cível)<br>Voluntários</p>

<p>PARCEIROS Unidades de Acolhimento São as parceiras diretas do Programa de Apadrinhamento Afetivo (Programa Com Viver)! São também as responsáveis e guardiãs legais pelas crianças e adolescentes abrigadas, através da figura do Guardião. Acompanham rotineiramente as atividades das crianças/adolescentes, sabendo assim, de suas necessidades. Serão com elas, juntamente com a entidade executora do Programa (CEVAM), &#8230;.&nbsp;&nbsp;<a class=" special" href="https://cevambrasil.com.br/site/parceiros/">Continuar Lendo</a></p>
